 common factor of 1000 and 974125.
125
What is the highest common divisor of 262 and 463609?
131
What is the highest common factor of 931 and 3648?
19
Calculate the highest common divisor of 6493 and 12599.
43
What is the greatest common divisor of 403 and 71396?
13
Calculate the greatest common factor of 924 and 598906.
154
What is the greatest common divisor of 36960 and 252?
84
Calculate the highest common divisor of 3648 and 576.
192
What is the greatest common divisor of 381 and 180721?
127
What is the highest common factor of 167 and 476117?
167
What is the highest common divisor of 7663 and 1185?
79
What is the greatest common divisor of 1983 and 57?
3
What is the highest common factor of 304 and 133228?
76
Calculate the greatest common divisor of 3679 and 63109.
283
What is the greatest common factor of 140 and 62328?
28
Calculate the highest common divisor of 3405 and 191361.
681
Calculate the highest common factor of 649292 and 196.
28
Calculate the greatest common divisor of 9912 and 14514.
354
Calculate the highest common divisor of 36 and 3863124.
36
Calculate the greatest common factor of 56 and 13006.
14
What is the greatest common factor of 441 and 4949?
49
Calculate the greatest common factor of 6204 and 36.
12
Calculate the highest common factor of 11 and 1578137.
11
What is the greatest common factor of 12 and 79964?
4
What is the highest common factor of 2950395 and 210?
105
Calculate the highest common factor of 80868 and 690.
138
Calculate the highest common factor of 170613 and 1424.
89
Calculate the greatest common divisor of 254399 and 134.
67
Calculate the highest common divisor of 580 and 2476.
4
What is the highest common divisor of 26896 and 5986?
82
What is the highest common divisor of 19520 and 400?
80
What is the highest common divisor of 6 and 878?
2
What is the highest common divisor of 819 and 123084?
117
What is the greatest common divisor of 46 and 200?
2
Calculate the highest common factor of 331854 and 19.
19
Calculate the greatest common factor of 4878 and 576.
18
What is the greatest common divisor of 18 and 274950?
18
What is the highest common factor of 1000 and 325?
25
Calculate the greatest common divisor of 7456778 and 2023.
2023
Calculate the highest common factor of 228 and 330396.
12
What is the highest common factor of 38 and 10241?
19
Calculate the greatest common divisor of 567 and 32193.
63
Calculate the highest common divisor of 8757 and 8064.
63
What is the highest common divisor of 312708 and 396?
132
Calculate the greatest common factor of 96 and 8224032.
96
What is the greatest common factor of 37044 and 468?
36
What is the highest common factor of 37 and 151663?
37
What is the highest common divisor of 9545 and 253?
23
What is the highest common divisor of 217 and 5611?
31
What is the greatest common factor of 376 and 101708?
188
What is the greatest common factor of 4541877 and 549?
549
What is the greatest common divisor of 10981 and 6116?
139
What is the highest common factor of 11 and 243001?
11
Calculate the greatest common divisor of 30176 and 473632.
1312
What is the highest common factor of 34488 and 28?
4
What is the highest common factor of 1069415 and 380?
95
Calculate the highest common factor of 145539 and 2472.
309
What is the greatest common divisor of 488226 and 36?
6
What is the highest common divisor of 6392 and 5032?
136
Calculate the greatest common divisor of 168259 and 6149.
559
What is the highest common factor of 3393 and 1305?
261
Calculate the highest common divisor of 1839642 and 70.
14
What is the greatest common divisor of 304 and 207841?
19
Calculate the highest common divisor of 75339 and 1089.
99
What is the greatest common divisor of 25381 and 17?
17
What is the highest common factor of 5257 and 119?
7
Calculate the highest common factor of 26635 and 70.
35
Calculate the greatest common factor of 84951 and 18.
9
Calculate the greatest common divisor of 9 and 6613821.
9
What is the highest common divisor of 1333 and 300049?
31
Calculate the greatest common factor of 50 and 595925.
25
What is the greatest common divisor of 495 and 13140?
45
Calculate the highest common divisor of 389396 and 112.
28
What is the highest common divisor of 52 and 970866?
26
Calculate the highest common factor of 155 and 21970.
5
Calculate the greatest common divisor of 108 and 63153.
27
Calculate the greatest common divisor of 8528 and 4592.
656
Calculate the greatest common divisor of 2750 and 4450.
50
What is the highest common factor of 286665 and 3915?
435
What is the highest common factor of 819 and 257803?
91
Calculate the highest common factor of 3114 and 4896.
18
What is the highest common divisor of 36608 and 1364?
44
What is the greatest common factor of 2004387 and 231?
231
What is the greatest common factor of 142 and 264049?
71
What is the greatest common divisor of 43054 and 190?
38
Calculate the greatest common factor of 14145 and 180.
15
What is the highest common factor of 7 and 6813?
1
What is the greatest common divisor of 99900 and 118881?
999
What is the greatest common divisor of 126 and 11443698?
126
Calculate the greatest common divisor of 11975 and 170524.
479
What is the highest common factor of 497816 and 1144?
88
What is the greatest common factor of 6252 and 924?
12
Calculate the greatest common factor of 8586 and 3726.
162
Calculate the greatest common divisor of 5790 and 690.
30
What is the greatest common factor of 3056 and 2992?
16
Calculate the highest common factor of 11230 and 214493.
1123
What is the greatest common factor of 840 and 176920?
40
Calculate the greatest common divisor of 5 and 129715.
5
What is the greatest common divisor of 4600446 and 246?
246
Calculate the highest common factor of 11504 and 20.
4
What is the highest common divisor of 11 and 2552891?
11
Calculate the greatest common factor of 104 and 328648.
8
What is the highest common factor of 2538 and 26085?
141
Calculate the highest common factor of 32996 and 6205.
73
Calculate the greatest common divisor of 24 and 349161.
3
Calculate the greatest common divisor of 2016 and 9282.
42
What is the highest common divisor of 434409 and 267?
267
What is the highest common factor of 51 and 3391959?
51
What is the greatest common divisor of 7029 and 12771?
99
Calculate the highest common factor of 4202 and 1012.
22
Calculate the highest common divisor of 25512 and 744.
24
What is the greatest common divisor of 29048 and 16?
8
What is the greatest common factor of 760 and 40888?
152
Calculate the highest common divisor of 11445 and 10.
5
What is the highest common factor of 36 and 207840?
12
What is the highest common factor of 546 and 65002?
14
Calculate the greatest common factor of 69207 and 663.
51
What is the greatest common divisor of 315117 and 198?
99
Calculate the greatest common divisor of 290 and 5410.
10
Calculate the greatest common factor of 89576 and 2.
2
What is the highest common factor of 253904 and 112?
112
What is the greatest common factor of 1200 and 22632?
24
Calculate the greatest common divisor of 6897 and 570.
57
Calculate the highest common factor of 157517 and 67.
67
What is the greatest common divisor of 1173 and 897?
69
What is the greatest common divisor of 26466 and 3597?
33
What is the highest common factor of 1312 and 276750?
82
Calculate the highest common divisor of 34067 and 1628.
11
What is the greatest common divisor of 1210 and 33110?
110
Calculate the highest common factor of 215240 and 40.
40
What is the greatest common factor of 62825 and 350?
175
Calculate the highest common divisor of 23026 and 116.
58
Calculate the highest common divisor of 1640 and 394584.
328
Calculate the greatest common divisor of 460 and 2270100.
460
Calculate the greatest common factor of 15636 and 336.
12
Calculate the highest common factor of 438 and 1896686.
146
What is the greatest common factor of 1463 and 476091?
77
What is the highest common divisor of 452 and 331316?
452
Calculate the highest common factor of 806 and 687921.
403
Calculate the highest common factor of 2968 and 61432.
56
What is the greatest common factor of 66 and 1127709?
33
What is the greatest common factor of 60 and 674988?
12
What is the highest common factor of 5 and 35?
5
C